21)/2)*2. What is the highest common divisor of o and s?
13
Let r = 92 - 32. What is the highest common divisor of 15 and r?
15
Let j(y) = y**2 - 13*y + 30. Let x be j(13). What is the greatest common factor of x and 20?
10
Suppose 8 = 2*l + s - 0*s, 2*l + 4*s - 20 = 0. Suppose l*x = -3*m + 139, 125 = m + 2*m - 5*x. Calculate the highest common factor of m and 5.
5
Let d = 111 + -57. Suppose 6*z = 3*z. Suppose -2*s + z*s + 36 = 0. Calculate the greatest common divisor of s and d.
18
Suppose 3*b = -12, -162 = 2*d - 4*b - 482. Let s = d + -107. Let g be 10*(-1 - 3/(-2)). Calculate the highest common factor of g and s.
5
Let c be 11/((-2)/12 - (-8)/16). What is the highest common factor of 22 and c?
11
Let j(g) = 3 + 4 + 0*g - 9*g + 2*g. Let x be j(-5). Let i be (6/(-4))/((-1)/4). Calculate the highest common factor of x and i.
6
Suppose 0 = 3*a - 3*v - 342, -5*a - 4*v + 552 = -0*a. What is the highest common factor of 16 and a?
16
Suppose -k + 47 = -l - 21, 5*k = l + 356. Calculate the highest common factor of k and 4.
4
Let h(l) = -13*l + 11. Let o be h(-2). What is the highest common divisor of o and 296?
37
Suppose 0*k + 11 = k. Suppose 4 = t - 2*t. Let l be (8/(-12))/(t/198). What is the greatest common divisor of k and l?
11
Let t = -11 + 24. Suppose 478 = 4*o + 2*n, 0 = o + 2*n + n - 132. What is the highest common factor of t and o?
13
Let z(p) = 50*p**2 + 1. Let o be z(-1). Let b be 0 - -1*(4 + -1). Let y(a) = a**3 - 3*a - 1. Let l be y(b). What is the greatest common factor of l and o?
17
Let x = -123 - -70. Let d = x + 113. Suppose -5*v + v = -d. Calculate the greatest common factor of 10 and v.
5
Let o = -35 + 77. What is the greatest common divisor of 6 and o?
6
Let w be 1/(-2 + (-93)/(-45)). Let j = -5 + w. Calculate the highest common factor of 2 and j.
2
Let i be ((-9)/12)/(1/(-4)). Let f = -137 + 262. Suppose i*q = -3*l + f + 7, -3*q = 4*l - 176. Calculate the highest common divisor of 4 and l.
4
Let j be ((-2)/(-4))/((-1)/(-22)). Suppose -2 = 3*h - j. What is the highest common factor of 1 and h?
1
Let z be 2/(-5) + 94/10. Suppose l + h = -4*h + 28, -26 = -2*l - 4*h. Suppose -5*w - 2 = l, x - z = -3*w. Calculate the highest common divisor of x and 12.
12
Suppose 2*a + 3*a + 2*i = 20, 2*a - 8 = -4*i. Let m be (-9)/(2*(-3)/a). Suppose 0 = 3*z - 9, -s - 5*z = -z - 27. What is the highest common divisor of m and s?
3
Suppose 4*j - 8 = 4. Suppose 0 = -0*y - 2*y + m + 4, 4*m = -5*y - j. Suppose w - 10 = -w. Calculate the greatest common factor of w and y.
1
Let f(j) = -2*j - 5. Let y be f(-6). Calculate the greatest common divisor of y and 1.
1
Suppose -6*s + 56 = s. Calculate the greatest common divisor of 24 and s.
8
Let c be (-6)/(-1) + -1*2. Suppose -2*j + 5*d + 36 + 46 = 0, 80 = 2*j - 4*d. Calculate the greatest common factor of j and c.
4
Let o = 27 + -19. What is the greatest common divisor of 64 and o?
8
Suppose 2*h + 1 = 7. Suppose -4*y + 14 = -h*y. Calculate the highest common factor of y and 7.
7
Suppose -3*x = 5*d - 10 - 5, -3 = -d + 3*x. Suppose -d = -3*h, -259 = -5*q + 2*h + 89. Calculate the greatest common factor of 7 and q.
7
Suppose -2*s + 267 = -1933. Suppose 12*q + s = 16*q. What is the greatest common factor of 25 and q?
25
Suppose 0 = -4*n - 5*o + 5 + 51, -2*n + 5*o - 2 = 0. Let t = 21 - n. Let m = -9 + t. What is the greatest common divisor of m and 21?
3
Let b(p) = 12*p**3 + 2*p**2 - 3*p + 1. Let k be b(2). What is the greatest common factor of 11 and k?
11
Let g be 2 + -2*(-2)/(-4). Suppose 29 = 3*f - g. What is the greatest common factor of 5 and f?
5
Let d be (-42)/((8/2)/(-8)). What is the highest common factor of 24 and d?
12
Suppose 5*r + 5*c - 175 = -0*r, -140 = -4*r + 3*c. What is the greatest common factor of r and 5?
5
Let s = -15 - -22. Suppose -s = -5*g + 13. Suppose -1 - 17 = -2*u + 5*z, 3*z = g*u - 50. Calculate the highest common factor of 42 and u.
14
Let m = 27 + -16. Suppose -5*d + 54 = -0*d - z, -5*z - 50 = -5*d. Calculate the highest common factor of d and m.
11
Let x(q) = q + 1. Let r(o) = -4*o + 27. Let w(h) = r(h) + 3*x(h). Let j be w(0). Calculate the highest common factor of j and 5.
5
Let o(f) = f + 1. Let s be o(2). Suppose 2*b = -s*b + 360. Calculate the greatest common factor of 18 and b.
18
Suppose -9*h + 80 = -4*h. Suppose h = -v + i + 3*i, -4*i + 24 = v. What is the greatest common factor of 1 and v?
1
Suppose -2*o - 5*j + 10 = -22, -2*o = -3*j. What is the highest common factor of 15 and o?
3
Suppose -2*o = -5 + 47. Let m be (-4)/14 + (-69)/o. Let q(n) = 6*n**3 - n**2 + 5*n - 3. Let b be q(m). Calculate the greatest common divisor of b and 15.
15
Let j(z) = 6 + z + 11 - z**2 + 0*z. Let k be j(0). Calculate the highest common factor of k and 85.
17
Suppose 2*d - 19 = -3*f, 0 = -3*d + 4*d - 5. Suppose 3*b = -4*z + 7*b + 32, 0 = -3*z - b + 4. Calculate the highest common divisor of f and z.
3
Let m = 1037 - 139. Let a = m - 72. Suppose -5*t - 259 = -5*f + a, 0 = -f + 5*t + 205. What is the greatest common factor of 20 and f?
20
Let v(d) = -d. Let q be v(3). Let s be 3/q*1*-5. Suppose 0 = -s*m + 6*m - 60. Calculate the highest common factor of 20 and m.
20
Suppose 3*s = -4*l + 108, -5*l + 70 = -2*l + 5*s. Let n(z) = -2*z + 24. Let o be n(7). What is the highest common divisor of o and l?
10
Suppose o + 15 = 4*m, -5*o - m + 14 - 5 = 0. Let f be -50*(0/3 - o). Calculate the greatest common divisor of 125 and f.
25
Let l = 200 - 20. What is the greatest common divisor of 72 and l?
36
Suppose v + 7 = 2*v. Suppose -2*g - 3*g + 35 = 0. What is the greatest common factor of g and v?
7
Let s(j) = 2*j**2 - 3. Let g be s(3). Let l be g + -1 - 12/(-3). Let o be 1/2 + 70/4. What is the highest common divisor of l and o?
18
Let s(d) = -35*d - 7. Let v be s(-5). Calculate the highest common divisor of v and 21.
21
Let w(f) = -4*f - 9. Let i(j) = 5*j + 9. Let x(u) = 2*i(u) + 3*w(u). Let l be x(-6). Calculate the greatest common factor of 18 and l.
3
Let f(w) = w**2 - 3*w - 5. Let b be f(-4). Calculate the greatest common divisor of b and 23.
23
Let f = -48 + 168. Suppose 3*i + 5*y - 72 = 0, 2*i - 68 = y - 20. What is the highest common factor of i and f?
24
Let g be 1*85 + (-36)/(-12). Suppose 4*f + 8 = 5*f. Calculate the highest common factor of f and g.
8
Suppose 20 = 2*z - 12. Suppose -s + 0*s + 3 = 0. Suppose 0 = -s*o + 3*f + 6, -f + 4*f - 10 = -5*o. What is the greatest common divisor of o and z?
2
Let z = 8 - 5. Suppose z*v - 6*v = 5*j - 10, v = -2*j + 3. Let u be (2 - 24)/(-1 + j). Calculate the highest common divisor of 88 and u.
11
Let u be (0/(-3))/(1 - -1). Suppose -3*m + 3*d = 4*d - 17, -m + 3*d - 1 = u. Calculate the highest common divisor of 15 and m.
5
Let p = 32 + -22. Let r be 0/1 - (-1 + -109). Calculate the highest common divisor of r and p.
10
Let l = -31 + 22. Let o = l + 10. What is the highest common divisor of o and 2?
1
Let z = 53 - 39. What is the greatest common divisor of z and 56?
14
Let l(i) = -1 - 4*i - 2*i + i. Suppose -5*g = -4*g + d + 4, -g + 5*d = -8. Let b be l(g). What is the highest common divisor of b and 9?
9
Suppose -6*u + 8*u - 16 = 0. Calculate the greatest common factor of 12 and u.
4
Suppose 0 = j - 17 + 16. What is the greatest common factor of j and 3?
1
Let a(j) = j**3 - 3*j**2 - 2*j - 4. Let i be a(5). Let k = 5 - 2. Let v = k - -1. What is the greatest common divisor of v and i?
4
Suppose 5*t = 15 + 5. What is the greatest common factor of t and 20?
4
Let f(k) = -3*k**2 + 3*k**3 + 2*k**2 - 4*k**3 + 0*k**2 + 14 + k. Let o be f(0). Calculate the greatest common factor of o and 56.
14
Let a(t) = -t**2 - 12 + 2*t**2 - 2*t + 1 + 0*t**2. Let p be a(-8). What is the greatest common factor of 23 and p?
23
Let h be 0 - 2 - -91 - -1. Calculate the greatest common divisor of 9 and h.
9
Suppose 4*x - 74 = -2*y, 2*x - 3*y - 2*y = 31. What is the highest common divisor of 54 and x?
18
Let k = 120 + -70. Let h be 16/(-12)*(-1)/(2/15). Calculate the highest common divisor of k and h.
10
Let z be 9/5 + 1/5. Let v be (-40)/6*(z + -38). Let u be v/(-9)*(-9)/6. Calculate the highest common divisor of 8 and u.
8
Suppose 2*o + 52 = 5*i, 26 = 3*i + 3*o + o. Calculate the highest common divisor of i and 5.
5
Suppose -4*c - 6 = 2. Let r be (-46)/(-2) - (-6)/c. Calcula